{"id":1635,"date":"2025-09-18T19:36:38","date_gmt":"2025-09-18T17:36:38","guid":{"rendered":"https:\/\/floracopoly.fr\/?page_id=1635"},"modified":"2025-11-09T18:52:39","modified_gmt":"2025-11-09T17:52:39","slug":"animations-a-lannee","status":"publish","type":"page","link":"https:\/\/floracopoly.fr\/index.php\/animations-a-lannee\/","title":{"rendered":"Animations \u00e0 l&rsquo;ann\u00e9e"},"content":{"rendered":"\n<h1 class=\"wp-block-heading\">Les soir\u00e9es jeux mensuelles \u00e0 la biblioth\u00e8que<\/h1>\n\n\n\n<p class=\"has-black-color has-text-color has-link-color has-medium-font-size wp-elements-676bbbc56639425bb5f54aca9c4e0b1f\">Une fois par mois \u00e0 la biblioth\u00e8que de Florac, retrouvez-nous pour jouer \u00e0 des jeux pour tout \u00e2ge et tout niveau. Un moment convivial qui se d\u00e9roule \u00e9galement autour d&rsquo;une petite grignote partag\u00e9e.<\/p>\n\n\n\n<p class=\"has-black-color has-text-color has-link-color has-medium-font-size wp-elements-ae222bb9f46a7ca9062d32c48c152958\">Soyez au courant des prochaines dates sur notre page <a href=\"https:\/\/www.facebook.com\/Floracopoly\" data-type=\"link\" data-id=\"https:\/\/www.facebook.com\/Floracopoly\">facebook<\/a>.<\/p>\n\n\n\n<p class=\"has-black-color has-text-color has-link-color has-medium-font-size wp-elements-b27c28c2b32df5d8f77f2da409610a8d\">G\u00e9n\u00e9ralement, on se retrouve soit le vendredi soir ou le samedi soir \u00e0 partir de 19h30, ou le dimanche apr\u00e8s-midi \u00e0 partir de 14h30.<\/p>\n\n\n\n<p class=\"has-black-color has-text-color has-link-color has-medium-font-size wp-elements-6a5dc179163798c01188460857107895\">Adresse de rendez-vous: Biblioth\u00e8que de Florac &#8211; 20 Avenue Jean Monestier<\/p>\n\n\n\n<h1 class=\"wp-block-heading\">Club Pok\u00e9mon<\/h1>\n\n\n\n<figure class=\"wp-block-image size-medium\"><img decoding=\"async\" width=\"300\" height=\"110\" src=\"https:\/\/floracopoly.fr\/wp-content\/uploads\/2025\/09\/pokemon-logo-300x110.png\" alt=\"\" class=\"wp-image-1637\" srcset=\"https:\/\/floracopoly.fr\/wp-content\/uploads\/2025\/09\/pokemon-logo-300x110.png 300w, https:\/\/floracopoly.fr\/wp-content\/uploads\/2025\/09\/pokemon-logo-1024x376.png 1024w, https:\/\/floracopoly.fr\/wp-content\/uploads\/2025\/09\/pokemon-logo-768x282.png 768w, https:\/\/floracopoly.fr\/wp-content\/uploads\/2025\/09\/pokemon-logo.png 1200w\" sizes=\"(max-width: 300px) 100vw, 300px\" \/><\/figure>\n\n\n\n<p class=\"has-black-color has-text-color has-link-color has-medium-font-size wp-elements-d5d4a3a7664e6dcf0d507e07327470bc\">Tous les mercredis, de 17h30 \u00e0 18h30, viens partager ta passion pour les Pok\u00e9mon ou viens simplement d\u00e9couvrir ce jeu.<\/p>\n\n\n\n<p class=\"has-black-color has-text-color has-link-color has-medium-font-size wp-elements-f90ca7a88bd743e1388057a34371084e\">Un moment pour \u00e9changer ses cartes, apprendre \u00e0 jouer, faire des duels et am\u00e9liorer ton deck et tes strat\u00e9gies.<\/p>\n\n\n\n<p class=\"has-black-color has-text-color has-link-color has-medium-font-size wp-elements-ce68bb229313c05dfb907f3df16cd52d\">De 8 ans \u00e0 99 ans <\/p>\n\n\n\n<p class=\"has-black-color has-text-color has-link-color has-medium-font-size wp-elements-6ea5e22d72e53253a2f03624ec8a7297\">Rdv au Foyer rural de Florac dans la salle du 2\u00e8me \u00e9tage<\/p>\n\n\n\n<p class=\"has-black-color has-text-color has-link-color has-medium-font-size wp-elements-86a1b836aea2dc37f1dab1cadc3a038a\">Prix \u00e0 l&rsquo;ann\u00e9e : 10\u20ac d&rsquo;adh\u00e9sion au foyer (\u00e0 ne payer qu&rsquo;une fois pour toutes les activit\u00e9s des foyers ruraux de Loz\u00e8re) + 10\u20ac pour le foyer + adh\u00e9sion \u00e0 l&rsquo;association du Floracopoly \u00e0 prix libre<\/p>\n\n\n\n<h1 class=\"wp-block-heading\">Sessions jeux initi\u00e9s et experts<\/h1>\n\n\n\n<p class=\"has-black-color has-text-color has-link-color has-medium-font-size wp-elements-6bc6b36110a7a4cae0f2d58d7035c0cb\">Une session pour les amateurs de jeux complexes pouvant durer 2-3h. <\/p>\n\n\n\n<p class=\"has-black-color has-text-color has-link-color has-medium-font-size wp-elements-bbd7373555a8521d41fe582fdea42a66\">Tous les seconds dimanche apr\u00e8s-midi du mois \u00e0 la Salle Jeanne \u00e0 Florac \u00e0 partir de 13h. Consulte les prochaines dates <a href=\"https:\/\/floracopoly.fr\/index.php\/calendrier\/\" data-type=\"page\" data-id=\"1826\">sur le calendrier<\/a>.  <\/p>\n\n\n\n<p><\/p>\n","protected":false},"excerpt":{"rendered":"<p>Les soir\u00e9es jeux mensuelles \u00e0 la biblioth\u00e8que Une fois par mois \u00e0 la biblioth\u00e8que de Florac, retrouvez-nous pour jouer \u00e0 des jeux pour tout \u00e2ge et tout niveau. Un moment convivial qui se d\u00e9roule \u00e9galement autour d&rsquo;une petite grignote partag\u00e9e. Soyez au courant des prochaines dates sur notre page facebook. G\u00e9n\u00e9ralement, on se retrouve soit [&hellip;]<\/p>\n","protected":false},"author":2,"featured_media":0,"parent":0,"menu_order":0,"comment_status":"closed","ping_status":"closed","template":"","meta":{"footnotes":""},"class_list":["post-1635","page","type-page","status-publish","hentry","entry"],"_links":{"self":[{"href":"https:\/\/floracopoly.fr\/index.php\/wp-json\/wp\/v2\/pages\/1635","targetHints":{"allow":["GET"]}}],"collection":[{"href":"https:\/\/floracopoly.fr\/index.php\/wp-json\/wp\/v2\/pages"}],"about":[{"href":"https:\/\/floracopoly.fr\/index.php\/wp-json\/wp\/v2\/types\/page"}],"author":[{"embeddable":true,"href":"https:\/\/floracopoly.fr\/index.php\/wp-json\/wp\/v2\/users\/2"}],"replies":[{"embeddable":true,"href":"https:\/\/floracopoly.fr\/index.php\/wp-json\/wp\/v2\/comments?post=1635"}],"version-history":[{"count":7,"href":"https:\/\/floracopoly.fr\/index.php\/wp-json\/wp\/v2\/pages\/1635\/revisions"}],"predecessor-version":[{"id":1963,"href":"https:\/\/floracopoly.fr\/index.php\/wp-json\/wp\/v2\/pages\/1635\/revisions\/1963"}],"wp:attachment":[{"href":"https:\/\/floracopoly.fr\/index.php\/wp-json\/wp\/v2\/media?parent=1635"}],"curies":[{"name":"wp","href":"https:\/\/api.w.org\/{rel}","templated":true}]}}